actor of 18 and 990.
18
What is the highest common divisor of 24 and 408?
24
What is the greatest common divisor of 21 and 483?
21
What is the highest common divisor of 6 and 3504?
6
What is the greatest common factor of 3325 and 350?
175
Calculate the greatest common factor of 490 and 441.
49
Calculate the greatest common divisor of 33 and 2640.
33
Calculate the highest common divisor of 3225 and 1125.
75
Calculate the greatest common factor of 36 and 12900.
12
Calculate the highest common factor of 190 and 2147.
19
What is the greatest common divisor of 12524 and 124?
124
Calculate the highest common divisor of 1190 and 1750.
70
What is the highest common factor of 132 and 231?
33
Calculate the greatest common factor of 32 and 1024.
32
What is the highest common divisor of 44 and 33?
11
What is the greatest common divisor of 72 and 192?
24
What is the highest common factor of 285 and 38?
19
What is the greatest common divisor of 1218 and 12?
6
What is the greatest common factor of 1017 and 9?
9
Calculate the greatest common factor of 102 and 170.
34
What is the highest common divisor of 28 and 48?
4
What is the greatest common factor of 1302 and 42?
42
What is the greatest common factor of 2430 and 20?
10
Calculate the highest common divisor of 2809 and 477.
53
Calculate the greatest common factor of 1406 and 304.
38
What is the highest common factor of 119 and 14773?
17
Calculate the highest common divisor of 42 and 1358.
14
What is the greatest common factor of 90 and 1610?
10
What is the greatest common divisor of 714 and 231?
21
What is the highest common divisor of 29 and 116?
29
Calculate the greatest common divisor of 72 and 168.
24
What is the greatest common divisor of 11590 and 20?
10
Calculate the highest common divisor of 1734 and 306.
102
Calculate the greatest common divisor of 2475 and 6.
3
What is the highest common divisor of 261 and 36?
9
Calculate the highest common divisor of 21165 and 17.
17
What is the highest common divisor of 27 and 216?
27
Calculate the greatest common divisor of 39 and 507.
39
Calculate the highest common divisor of 6 and 354.
6
Calculate the greatest common divisor of 920 and 56.
8
What is the highest common divisor of 14 and 1?
1
Calculate the highest common divisor of 39 and 9438.
39
What is the greatest common factor of 66 and 1914?
66
Calculate the highest common divisor of 380 and 70.
10
What is the greatest common factor of 4674 and 114?
114
What is the greatest common factor of 47 and 1081?
47
What is the greatest common divisor of 138 and 31004?
46
What is the greatest common factor of 95 and 171?
19
What is the greatest common factor of 5472 and 1976?
152
Calculate the highest common divisor of 288 and 9.
9
What is the greatest common divisor of 3824 and 48?
16
Calculate the greatest common divisor of 1095 and 45.
15
What is the highest common divisor of 10 and 40?
10
Calculate the greatest common factor of 26 and 377.
13
What is the highest common divisor of 1 and 5483?
1
What is the greatest common divisor of 830 and 30?
10
Calculate the highest common divisor of 1023 and 33.
33
Calculate the greatest common divisor of 1197 and 133.
133
Calculate the highest common factor of 364 and 52.
52
What is the greatest common factor of 533 and 82?
41
Calculate the greatest common factor of 3333 and 99.
33
What is the greatest common factor of 99 and 8052?
33
What is the greatest common factor of 78 and 24?
6
Calculate the highest common factor of 432 and 16.
16
What is the greatest common factor of 6 and 768?
6
Calculate the greatest common factor of 28 and 36596.
28
What is the greatest common divisor of 10068 and 4?
4
What is the greatest common factor of 52 and 56?
4
Calculate the greatest common factor of 17 and 221.
17
Calculate the greatest common factor of 60 and 6140.
20
Calculate the highest common factor of 253 and 11.
11
What is the greatest common divisor of 405 and 24?
3
Calculate the highest common divisor of 10 and 638.
2
What is the highest common divisor of 153 and 288?
9
What is the greatest common factor of 287 and 123?
41
What is the highest common factor of 14 and 91?
7
What is the greatest common divisor of 292 and 4526?
146
Calculate the greatest common factor of 369 and 41.
41
Calculate the greatest common divisor of 98 and 98.
98
Calculate the greatest common factor of 531 and 36.
9
What is the greatest common divisor of 364 and 252?
28
Calculate the greatest common divisor of 1275 and 204.
51
Calculate the greatest common divisor of 24 and 1284.
12
Calculate the highest common divisor of 2717 and 76.
19
What is the highest common divisor of 27 and 1251?
9
Calculate the greatest common factor of 12 and 384.
12
Calculate the highest common factor of 16 and 1136.
16
Calculate the greatest common divisor of 1347 and 3.
3
What is the greatest common factor of 2 and 362?
2
What is the highest common divisor of 24 and 444?
12
Calculate the highest common factor of 3582 and 54.
18
Calculate the highest common factor of 391 and 23.
23
What is the highest common divisor of 11044 and 44?
44
Calculate the greatest common factor of 56 and 623.
7
What is the highest common factor of 9 and 576?
9
Calculate the greatest common divisor of 72 and 954.
18
What is the highest common factor of 238 and 42?
14
Calculate the highest common divisor of 372 and 69.
3
Calculate the greatest common divisor of 36 and 180.
36
Calculate the highest common factor of 1617 and 132.
33
Calculate the highest common divisor of 252 and 1316.
28
What is the highest common divisor of 2210 and 26?
26
Calculate the highest common divisor of 89 and 2047.
89
Calculate the highest common divisor of 7 and 511.
7
Calculate the highest common divisor of 551 and 38.
19
What is the greatest common factor of 117 and 1937?
13
What is the highest common factor of 3410 and 55?
55
What is the greatest common factor of 3325 and 152?
19
Calculate the highest common divisor of 320 and 832.
64
What is the greatest common factor of 60 and 84?
12
Calculate the greatest common divisor of 28 and 1204.
28
Calculate the greatest common divisor of 5055 and 45.
15
Calculate the highest common factor of 72 and 104.
8
What is the greatest common divisor of 296 and 777?
37
What is the greatest common divisor of 102 and 34?
34
What is the highest common divisor of 16 and 160?
16
What is the greatest common factor of 98 and 2?
2
What is the highest common factor of 236 and 177?
59
Calculate the greatest common divisor of 69 and 529.
23
Calculate the highest common factor of 350 and 230.
10
Calculate the greatest common divisor of 60 and 320.
20
What is the greatest common divisor of 306 and 31824?
306
Calculate the highest common factor of 306 and 30.
6
What is the greatest common factor of 52 and 338?
26
Calculate the greatest common factor of 406 and 14.
14
Calculate the highest common divisor of 300 and 8000.
100
What is the highest common factor of 1225 and 75?
25
Calculate the highest common divisor of 54 and 558.
18
Calculate the highest common factor of 99 and 77.
11
Calculate the greatest common factor of 158 and 17854.
158
Calculate the greatest common factor of 106 and 530.
106
What is the greatest common divisor of 435 and 957?
87
Calculate the greatest common divisor of 340 and 595.
85
Calculate the highest common divisor of 2384 and 48.
16
Calculate the greatest common factor of 164 and 12.
4
Calculate the highest common divisor of 15419 and 136.
17
Calculate the greatest common divisor of 7 and 25.
1
What is the highest common divisor of 266 and 1558?
38
Calculate the highest common factor of 4557 and 21.
21
What is the greatest common divisor of 152 and 42712?
152
What is the highest common divisor of 450 and 500?
50
Calculate the greatest common factor of 21 and 161.
7
Calculate the highest common divisor of 50 and 350.
50
Calculate the highest common divisor of 72 and 63.
9
Calculate the greatest common divisor of 50 and 50.
50
What is the greatest common factor of 144 and 32?
16
What is the greatest common divisor of 36 and 8604?
36
Calculate the greatest common factor of 10 and 70.
10
Calculate the greatest common factor of 9 and 8361.
9
Calculate the greatest common divisor of 10 and 6850.
10
What is the highest commo